{"id":10,"date":"2018-02-25T17:05:32","date_gmt":"2018-02-25T17:05:32","guid":{"rendered":"http:\/\/bbb2.de\/?page_id=10"},"modified":"2026-02-26T10:45:16","modified_gmt":"2026-02-26T10:45:16","slug":"downloads","status":"publish","type":"page","link":"https:\/\/bbb2.de\/?page_id=10","title":{"rendered":"Downloads"},"content":{"rendered":"<h3><b>Rechtliches<\/b><\/h3>\n<p><a href=\"https:\/\/bbb2.de\/wp-content\/uploads\/2018\/02\/satzung.pdf\" data-fcksavedurl=\"manageContentLinkObject.jsp?pos=11251509&amp;\">Satzung des Vereins Bovenauer B\u00fcrger im B-Plan-Gebiet 2 (BBB2 e.V.) vom 08.09.1997<\/a><\/p>\n<p><a href=\"https:\/\/bbb2.de\/wp-content\/uploads\/2022\/02\/2022-02-17_Geschaeftsordnung_BBB2_e_V.pdf\">Gesch\u00e4ftsordnung des Vereins Bovenauer B\u00fcrger im B-Plan-Gebiet 2 (BBB2 e.V.) vom 17.02.2022\u00a0<\/a><\/p>\n<p><a href=\"https:\/\/bbb2.de\/wp-content\/uploads\/2018\/02\/Wasserversorgungsordnung-BBB2-e.V..pdf\" data-fcksavedurl=\"manageContentLinkObject.jsp?pos=11251539&amp;\">Wasserversorgungsordnung des Vereins Bovenauer B\u00fcrger im B-Plan-Gebiet 2 e. V (BBB2 e.V.) vom 01.02.2002.<\/a><\/p>\n<h3><strong>Fotos unserer Sommerfeste<\/strong><\/h3>\n<p><a href=\"https:\/\/photos.app.goo.gl\/pzdPYPEfdcN8WiUW9\" target=\"_blank\" rel=\"noopener noreferrer\">Sommerfest 2019<\/a><\/p>\n<p><a href=\"https:\/\/photos.app.goo.gl\/QHPSRL77eSMm6wOg2\">Sommerfest 2017<\/a><\/p>\n<p><a href=\"https:\/\/photos.app.goo.gl\/Al6XCycp7ku6VxlC2\">Sommerfest 2013<\/a><\/p>\n<p><a href=\"https:\/\/photos.app.goo.gl\/CQn5Q9JuDOY24Svt2\" target=\"_blank\" rel=\"noopener noreferrer\" data-fcksavedurl=\"https:\/\/photos.app.goo.gl\/CQn5Q9JuDOY24Svt2\">Sommerfest 2011<\/a><\/p>\n<p><a href=\"http:\/\/photos.app.goo.gl\/w8uLRgTJPmc2iJB13\" target=\"_blank\" rel=\"noopener noreferrer\" data-fcksavedurl=\"http:\/\/photos.app.goo.gl\/w8uLRgTJPmc2iJB13\">Sommerfest 2009<\/a><\/p>\n<p><a href=\"https:\/\/photos.app.goo.gl\/VZlhesoF0Fw6szW92\" target=\"_blank\" rel=\"noopener noreferrer\" data-fcksavedurl=\"https:\/\/photos.app.goo.gl\/VZlhesoF0Fw6szW92\">Sommerfest 2009 Fotos von Manfred Gehler<\/a><\/p>\n<p><a href=\"http:\/\/photos.app.goo.gl\/xl0wIRxQANeYsKuE2\" target=\"_blank\" rel=\"noopener noreferrer\" data-fcksavedurl=\"http:\/\/photos.app.goo.gl\/xl0wIRxQANeYsKuE2\">Sommerfest 2007 Fotos von Frank Prie\u00df<\/a><\/p>\n<p><a href=\"http:\/\/photos.app.goo.gl\/srY02edRpy4neHHG2\" target=\"_blank\" rel=\"noopener noreferrer\" data-fcksavedurl=\"http:\/\/photos.app.goo.gl\/srY02edRpy4neHHG2\">Sommerfest 2007 Fotos von Manfred Gehler<\/a><\/p>\n<p><a href=\"http:\/\/photos.app.goo.gl\/R2e1P0aRwxSJldXj1\" target=\"_blank\" rel=\"noopener noreferrer\" data-fcksavedurl=\"http:\/\/photos.app.goo.gl\/R2e1P0aRwxSJldXj1\">Sommerfest 2005<\/a><\/p>\n<p><a href=\"http:\/\/photos.app.goo.gl\/xGAnfSt1Ggi2Yhh63\" target=\"_blank\" rel=\"noopener noreferrer\" data-fcksavedurl=\"http:\/\/photos.app.goo.gl\/xGAnfSt1Ggi2Yhh63\">Sommerfest 2005 Fotos von Frank Prie\u00df<\/a><\/p>\n<p><a href=\"http:\/\/photos.app.goo.gl\/ZaIgiBHsiK6C5vvD3\" target=\"_blank\" rel=\"noopener noreferrer\" data-fcksavedurl=\"http:\/\/photos.app.goo.gl\/ZaIgiBHsiK6C5vvD3\">Sommerfest 1999<\/a><\/p>\n<\/p>\n\n\n<p class=\"has-medium-font-size\"><strong>Protokolle<\/strong><\/p>\n\n\n\n<p><a href=\"https:\/\/bbb2.de\/wp-content\/uploads\/2026\/02\/Protokoll-JHV-2026-02-19.pdf\" data-type=\"attachment\" data-id=\"308\">Protokoll der Jahreshauptversammlung am 19.02.2026<\/a><\/p>\n\n\n\n<p>weitere Protokolle k\u00f6nnen beim 1. Vorsitzenden eingesehen werden.<\/p>\n\n\n\n<p><\/p>\n","protected":false},"excerpt":{"rendered":"<p>Rechtliches Satzung des Vereins Bovenauer B\u00fcrger im B-Plan-Gebiet 2 (BBB2 e.V.) vom 08.09.1997 Gesch\u00e4ftsordnung des Vereins Bovenauer B\u00fcrger im B-Plan-Gebiet 2 (BBB2 e.V.) vom 17.02.2022\u00a0 Wasserversorgungsordnung des Vereins Bovenauer B\u00fcrger im B-Plan-Gebiet 2 e. V (BBB2 e.V.) vom 01.02.2002. Fotos unserer Sommerfeste Sommerfest 2019 Sommerfest 2017 Sommerfest 2013 Sommerfest 2011 Sommerfest 2009 Sommerfest 2009 Fotos &hellip; <\/p>\n<p class=\"link-more\"><a href=\"https:\/\/bbb2.de\/?page_id=10\" class=\"more-link\"><span class=\"screen-reader-text\">\u201eDownloads\u201c<\/span> weiterlesen<\/a><\/p>\n","protected":false},"author":1,"featured_media":0,"parent":0,"menu_order":0,"comment_status":"closed","ping_status":"closed","template":"","meta":{"footnotes":""},"class_list":["post-10","page","type-page","status-publish","hentry"],"_links":{"self":[{"href":"https:\/\/bbb2.de\/index.php?rest_route=\/wp\/v2\/pages\/10","targetHints":{"allow":["GET"]}}],"collection":[{"href":"https:\/\/bbb2.de\/index.php?rest_route=\/wp\/v2\/pages"}],"about":[{"href":"https:\/\/bbb2.de\/index.php?rest_route=\/wp\/v2\/types\/page"}],"author":[{"embeddable":true,"href":"https:\/\/bbb2.de\/index.php?rest_route=\/wp\/v2\/users\/1"}],"replies":[{"embeddable":true,"href":"https:\/\/bbb2.de\/index.php?rest_route=%2Fwp%2Fv2%2Fcomments&post=10"}],"version-history":[{"count":30,"href":"https:\/\/bbb2.de\/index.php?rest_route=\/wp\/v2\/pages\/10\/revisions"}],"predecessor-version":[{"id":312,"href":"https:\/\/bbb2.de\/index.php?rest_route=\/wp\/v2\/pages\/10\/revisions\/312"}],"wp:attachment":[{"href":"https:\/\/bbb2.de\/index.php?rest_route=%2Fwp%2Fv2%2Fmedia&parent=10"}],"curies":[{"name":"wp","href":"https:\/\/api.w.org\/{rel}","templated":true}]}}