{"id":9,"date":"2018-02-25T17:05:32","date_gmt":"2018-02-25T17:05:32","guid":{"rendered":"http:\/\/bbb2.de\/?page_id=9"},"modified":"2026-02-26T10:49:59","modified_gmt":"2026-02-26T10:49:59","slug":"faq","status":"publish","type":"page","link":"https:\/\/bbb2.de\/?page_id=9","title":{"rendered":"FAQ"},"content":{"rendered":"<h3><b>Die h\u00e4ufigsten Fragen und Antworten zum Verein BBB2 e.V<\/b>.<\/h3>\n<p><b>1. Wer sind meine Ansprechpartner im Verein?<\/b><br \/>\n<b><br \/>\n<\/b><strong><em>1. Vorsitzender, Vereinsleitung<\/em><\/strong><br \/>\nDr. Klaus Thoms<br \/>\nAhornallee 9<br \/>\n24796 Bovenau<br \/>\nTel.: 04334182892<br \/>\nMobil: 01631705934<\/p>\n<p><strong><em>2. Vorsitzende, Vertretung des 1. Vorsitzenden, Begr\u00fc\u00dfung neuer Mitglieder<\/em><\/strong><br \/>\nBirte Ehmsen<br \/>\nAhornallee 11<br \/>\n24796 Bovenau<br \/>\nMobil: 017652254287<\/p>\n<p><strong><em>Kassenwart: Erhebung von Beitr\u00e4gen, Rechnungslegung, Meldung von Aus- bzw. Umz\u00fcgen<\/em><\/strong><br \/>\nJasper Reiter<br \/>\nRendsburger Stra\u00dfe 6<br \/>\n24796 Bovenau<br \/>\nMobil: 015162414393<\/p>\n<p><em><b>Schriftf\u00fchrerin, Anfertigung von Protokollen, etc.<\/b><\/em><br \/>\nSwantje Peters<br \/>\nAm Redder 13<br \/>\n24796 Bovenau<br \/>\nTel.: 017623769114<\/p>\n<p><em><b>Wasserwart, \u00dcberwachung der Wasserversorgungsanlage<\/b><\/em><br \/>\nOlaf Tietze<br \/>\nAhornallee 52<br \/>\n24796 Bovenau<br \/>\nTel.: 017630167536<\/p>\n<p><em><b>Kassenpr\u00fcfer<br \/>\n<\/b><\/em>Sabine Dhel<br \/>\nAhhornallee 2a<br \/>\n24796 Bovenau<\/p>\n<p>Jan-Oliver Erich<br \/>\nAhornallee 32<br \/>\n24796 Bovenau<\/p>\n<p><b>2. Welche Beitr\u00e4ge sind zu entrichten?<\/b><br \/>\nBauwasser: 80 \u20ac,- je Wohneinheit<br \/>\nMitgliedsbeitrag: \u20ac 30,-\/Jahr f\u00e4llig zum 01.01.des Jahres mit einer Frist von 14 Tagen nach Rechnungseingang.<br \/>\nVerbrauch: \u20ac 1,10\/m3 nachsch\u00fcssig nach dem Ablesen der Wasseruhren in der 1. und 2. Kalenderwoche des Jahres mit einer Frist von 14 Tagen nach Rechnungseingang.<\/p>\n<p><b>3. Wie lautet die Bankverbindung des Vereins?<\/b><br \/>\nDeutsche Skatbank: IBAN: DE13 8306 5408 0004 9911 41\u00a0 BIC: GENO DEF1 SLR<\/p>\n<p><b>4. An wen sollte ich mich wenden, wenn es Probleme mit der Wasserversorgung gibt?<\/b><br \/>\nPrim\u00e4rer Ansprechpartner ist Olaf tietze. Sollte Olaf \u00a0nicht erreichbar sein, so k\u00f6nnen selbstverst\u00e4ndlich auch die anderen oben genannten Personen benachrichtigt werden. Schieberschl\u00fcssel zum Absperren einzelner Leitungsstr\u00e4nge befinden sich im Carport des Hauses Ahornallee 16. Diese sind nach Gebrauch unaufgefordert wieder dort abzulegen.<\/p>\n<p><b>5. Welche Eichfristen sind zu beachten?:<\/b> Die Eichfrist f\u00fcr Kaltwasserz\u00e4hler betr\u00e4gt 6 Jahre. Danach ist der Wasserz\u00e4hler zu wechseln.<\/p>\n<p><b>6. Was ist beim Wechsel des Wasserz\u00e4hlers zu tun?: <\/b>Nach dem Wechsel des Wasserz\u00e4hlers ist der Z\u00e4hlerstand des alten Z\u00e4hlers und die Z\u00e4hlernummer und der Stand des neuen Z\u00e4hlers dem 1. Vorsitzenden mitzuteilen, z. B. als Foto per WhatsApp oder E-Mail.<\/p>\n<p>Stand: 26.02.2026<\/p>\n","protected":false},"excerpt":{"rendered":"<p>Die h\u00e4ufigsten Fragen und Antworten zum Verein BBB2 e.V. 1. Wer sind meine Ansprechpartner im Verein? 1. Vorsitzender, Vereinsleitung Dr. Klaus Thoms Ahornallee 9 24796 Bovenau Tel.: 04334182892 Mobil: 01631705934 2. Vorsitzende, Vertretung des 1. Vorsitzenden, Begr\u00fc\u00dfung neuer Mitglieder Birte Ehmsen Ahornallee 11 24796 Bovenau Mobil: 017652254287 Kassenwart: Erhebung von Beitr\u00e4gen, Rechnungslegung, Meldung von Aus- &hellip; <\/p>\n<p class=\"link-more\"><a href=\"https:\/\/bbb2.de\/?page_id=9\" class=\"more-link\"><span class=\"screen-reader-text\">\u201eFAQ\u201c<\/span> weiterlesen<\/a><\/p>\n","protected":false},"author":1,"featured_media":0,"parent":0,"menu_order":0,"comment_status":"closed","ping_status":"closed","template":"","meta":{"footnotes":""},"class_list":["post-9","page","type-page","status-publish","hentry"],"_links":{"self":[{"href":"https:\/\/bbb2.de\/index.php?rest_route=\/wp\/v2\/pages\/9","targetHints":{"allow":["GET"]}}],"collection":[{"href":"https:\/\/bbb2.de\/index.php?rest_route=\/wp\/v2\/pages"}],"about":[{"href":"https:\/\/bbb2.de\/index.php?rest_route=\/wp\/v2\/types\/page"}],"author":[{"embeddable":true,"href":"https:\/\/bbb2.de\/index.php?rest_route=\/wp\/v2\/users\/1"}],"replies":[{"embeddable":true,"href":"https:\/\/bbb2.de\/index.php?rest_route=%2Fwp%2Fv2%2Fcomments&post=9"}],"version-history":[{"count":26,"href":"https:\/\/bbb2.de\/index.php?rest_route=\/wp\/v2\/pages\/9\/revisions"}],"predecessor-version":[{"id":313,"href":"https:\/\/bbb2.de\/index.php?rest_route=\/wp\/v2\/pages\/9\/revisions\/313"}],"wp:attachment":[{"href":"https:\/\/bbb2.de\/index.php?rest_route=%2Fwp%2Fv2%2Fmedia&parent=9"}],"curies":[{"name":"wp","href":"https:\/\/api.w.org\/{rel}","templated":true}]}}